w = 5*m - 256. What are the prime factors of m?
2, 13
Suppose -5*n - 26 - 22 = -4*x, x - 12 = 2*n. What are the prime factors of x?
2, 3
Suppose 0*m - 3*m = 3*p - 309, 0 = 3*m - 6. What are the prime factors of p?
101
Let l(u) = 4*u**2 - 3*u - 1. Let w be l(3). Let g = -18 + w. List the prime factors of g.
2
Suppose -5*z - r + 24 = 0, -z + 5*r = 2*r + 8. What are the prime factors of z?
2
Let h be (-2 - (-4 + 2))/1. Suppose 5*q - 105 + 25 = h. What are the prime factors of q?
2
Let o be ((-18)/(-5))/((-3)/(-10)). Suppose 9*s - 7*s = o. What are the prime factors of s?
2, 3
Let k(v) = v**2 - 3*v - 8. What are the prime factors of k(13)?
2, 61
Suppose 0 = 4*j - 3*j + 3. Let g be j/2*8/12. List the prime factors of (6/4)/g*-8.
2, 3
What are the prime factors of 61 - -1 - (-1 + 1)/2?
2, 31
Suppose m = -7 - 2. Let x be (21/m + 1)*-3. Let c(d) = 6*d - 6. List the prime factors of c(x).
2, 3
Suppose -2*g - 1 = -5. Suppose 3*n - g = 2*n. Suppose 2*k - 8 = -4*j, -n*k + 7*k + 10 = 0. List the prime factors of j.
3
Let a = -1 - 0. Let w(m) = -13*m**2 - 17*m - 2. Let r(l) = 7*l**2 + 8*l + 1. Let z(d) = 13*r(d) + 6*w(d). List the prime factors of z(a).
2, 3
Suppose -a + 3*q + 111 = -147, 0 = -3*a + q + 790. List the prime factors of a.
2, 3, 11
List the prime factors of 32*(1 + 4/(-8)).
2
Suppose 4*s + 162 = 10*s. What are the prime factors of s?
3
Let k(f) = -f**2 - 3*f**3 + 4*f**3 + 0*f**3 + 3. Let w be k(0). Let y = w + 0. List the prime factors of y.
3
What are the prime factors of (48/18)/((-4)/(-42))?
2, 7
Let h = -33 + 97. List the prime factors of h.
2
Suppose -6*f = -2*f - 304. List the prime factors of f.
2, 19
Let p be (0 - -2)/((-2)/4). What are the prime factors of (4 - 2)*(-26)/p?
13
Let k be (-2 + (-20)/(-7))*7. Let s be (-27)/k + 2/4. Let u(p) = -p + 3. List the prime factors of u(s).
7
Let v(q) be the third derivative of -11*q**6/40 - q**5/30 + q**3/6 - 5*q**2. List the prime factors of v(-1).
2
Let b(u) = -u**3 + u**2 + u - 3. List the prime factors of b(-3).
2, 3, 5
Suppose -3*p + 16 = -2*x, -2*p + 8 = -0. List the prime factors of 4 - (22/x + -2).
17
List the prime factors of 7540/30 + 1/(3*-1).
251
Suppose l - 522 = -5*l. Suppose 0 = -0*y - 3*y + l. List the prime factors of y.
29
Let k(a) = 2*a + 1. Let g be k(-2). Let w be 1/(-3)*g*-5. List the prime factors of 10*((-4)/w + 0).
2
Let i(f) = f**3 - 2*f**2 + 2*f + 46. List the prime factors of i(0).
2, 23
Let p(s) = -s**3 - 3*s**2 + 4*s. Let x be p(-3). Let k(a) = -6*a + a + 0*a + 6*a + 29. List the prime factors of k(x).
17
Suppose y + 527 = 5*d + 7, -4*d + 4*y + 432 = 0. List the prime factors of d.
103
Let h(r) = r - 6. Let i be h(-6). Let z = 16 - i. What are the prime factors of z?
2, 7
Suppose -173 = -5*x + 132. What are the prime factors of x?
61
Let m(j) = 10*j - 53. What are the prime factors of m(21)?
157
Let x = 8 + -6. Suppose x*l - 3*t - 26 = -3*l, -l + 2*t = -8. List the prime factors of l.
2
Suppose -31 = -8*b + 9. What are the prime factors of b?
5
Let f(w) = -w**3 + w**2 - w + 1. Let d(y) = y**2 - y - 4. Let o(a) = -d(a) - f(a). List the prime factors of o(3).
2, 3
Let v(j) = -j**2 + 19*j + 23. List the prime factors of v(15).
83
Let i = 15 - 7. Let b(l) = -l + 10. Let w be b(i). Let o = 3 + w. What are the prime factors of o?
5
Let k(p) = p**2 + 3*p - 2. Let i be k(-4). Suppose i*x - 41 = -5*l, -l + 2*x + 49 = 4*l. List the prime factors of l.
3
Let g(x) = -2*x - 3. Let f be g(-3). Suppose -f - 3 = -l. List the prime factors of l.
2, 3
Let x(a) = a**2 - a + 17. Let j be x(0). Let l = j - 12. Suppose -l*z + 5 = 0, 0*b - 2*b + 2*z = -2. List the prime factors of b.
2
Let m be (-25)/(-15) - (-2)/(-3). List the prime factors of 0 + 6 - (-3 + m).
2
Let f = 80 + -50. Suppose -3*o - 5*n = -34, -2*o - 4*n + f = 6. Suppose -4 = -j + o. List the prime factors of j.
2, 3
Suppose -3*i + 21 = -0*i. Let m(f) = f. Let v be m(3). Suppose -v*p = -i - 11. List the prime factors of p.
2, 3
Suppose 10 = -3*x + x, x - 170 = -5*k. Let g = 52 - k. What are the prime factors of g?
17
Let g(x) = -2*x + 6. Let r be g(-5). Suppose 0 = 4*a - 6*a + r. What are the prime factors of a?
2
Let p(d) = -17*d + 7. Let s(n) = 9*n - 4. Let i(t) = -3*p(t) - 5*s(t). What are the prime factors of i(2)?
11
Let g = 143 + -56. Suppose s = -2*s + g. What are the prime factors of s?
29
Let v = 6 - 4. Suppose -v*n + 2 = 6. What are the prime factors of 7 + 2 + 6/n?
2, 3
Let r = 0 + -1. Let a(o) = -2*o**3 + o**2. List the prime factors of a(r).
3
What are the prime factors of 2146/8 - 27/108?
2, 67
Let v(b) = -b + 23. List the prime factors of v(0).
23
Let v be (-3)/(-9) + 4/(-3). Let k(b) = -99*b**2 + b. Let c be k(v). What are the prime factors of c/15*3/(-2)?
2, 5
Suppose -3*a - 5*u + 431 = 0, 0 = 3*a + 6*u - 11*u - 481. What are the prime factors of a?
2, 19
Suppose 0 = -2*g - 6*g + 680. What are the prime factors of g?
5, 17
Let l(r) = -r**3 - 4*r**2 + 6*r + 2. Let a be l(-5). Let u be a/(-4 + 0 + 3). Suppose 5*c - 25 = 5*q, q + 23 = u*c + 4. What are the prime factors of c?
7
Suppose 148 = 3*j + 40. Let g = j - -20. List the prime factors of (-1)/(-3) - g/(-21).
3
What are the prime factors of (-120)/9*-1*6?
2, 5
Let l(j) = -j + 14. Suppose -2*i + 3*i - 10 = 0. Let h be l(i). Suppose h*x + 3*g + 13 = 80, -3*x - 4*g + 45 = 0. What are the prime factors of x?
19
Let c = -6 - -9. List the prime factors of 15 + 2/6*c.
2
What are the prime factors of 24/36 + (-140)/(-6)?
2, 3
Let d be -9*((2 - 3) + 0). Suppose -u + d + 0 = 0. What are the prime factors of u?
3
Let s(q) = -q**2 + q - 21. Let x be s(0). Let l = 48 + x. What are the prime factors of l?
3
Let t(o) be the first derivative of 10*o**3/3 + o**2 - o - 7. Let a(r) = r - 1. Let i be a(2). List the prime factors of t(i).
11
Suppose 5*q + 6*p - 45 = p, 2*p = -q + 4. List the prime factors of q.
2, 7
Let c = -128 + 254. List the prime factors of c.
2, 3, 7
Suppose 7*c = 6*c + 101. What are the prime factors of c?
101
Suppose 0 = -8*v + 6*v + 128. List the prime factors of v.
2
Let i = 241 - 109. Suppose 9*u = 5*u + i. What are the prime factors of u?
3, 11
Let n be (0 - -2)*(-238)/(-4). Suppose -c - 4 + 12 = 0. List the prime factors of n/9 - c/36.
13
Suppose -2*v - i + 571 = -4*i, -2*v = 2*i - 596. What are the prime factors of v?
293
Let z = -11 + 13. Suppose -4*x + 9*k = 4*k - 59, z*k + 30 = 2*x. What are the prime factors of x?
2
Suppose 5*t - 7 - 3 = -5*n, -2*n + 2*t + 8 = 0. List the prime factors of (1 + -4)/n - -13.
2, 3
Let n = 9 - 4. Let y(h) = h**2. Let t(l) = -l**2. Let w(d) = n*y(d) + 3*t(d). What are the prime factors of w(1)?
2
Suppose 7 + 0 = -4*x + m, 4*x = 3*m + 3. Let s(b) = 3*b**2 + 3*b + 3. List the prime factors of s(x).
3, 7
Suppose -5*j + 14 = -6. Let p(i) = -2*i**3 - 3*i**2 + i + 4. Let z be p(-4). Suppose -s - j*s = -z. What are the prime factors of s?
2
Let d(a) = -3*a + 2. Let f(c) = -2*c - 2. Let o be f(5). Let x be ((-7)/14)/((-1)/o). List the prime factors of d(x).
2, 5
Let r(c) = -c**3 - 4*c**2 - 2*c - 1. Let l be r(-3). What are the prime factors of (-4)/(4/l + -1)?
2
Let k = -4 - -6. List the prime factors of k.
2
Let n = 0 - -164. What are the prime factors of n?
2, 41
Let t = 9 - 6. Suppose -t*k + c = 8, 3*k + 3*c - 7 = c. What are the prime factors of 2*k/2*-12?
2, 3
Suppose 8 = -2*m + 4*m. Let s(b) be the third derivative of b**4/12 - b**3/3 + 2*b**2. List the prime factors of s(m).
2, 3
Let o(p) = 4*p**2 - p. Let w be o(-1). Suppose 4*v - 8 = v - 2*i, 43 = 3*v - w*i. List the prime factors of v.
2, 3
Suppose -q - 1 = 5*k, 5*q + 5 = 2*k - 3*k. Let d = q + 14. List the prime factors of d.
13
Let u = 44 + -17. What are the prime factors of u?
3
Let m be 10/35 - (-12)/7. Suppose 3*k + h = 32, -m*k + 44 = -0*k - 5*h. List the prime factors of k.
2, 3
Let q = 50 + -29. List the prime factors of q.
3, 7
Let l(u) = -39*u + 83. What are the prime factors of l(-5)?
2, 139
Let a(i) = -i**3 - 4*i**2 - 4*i + 1. Let d be a(-3). Suppose -l + 45 = d*l. List the prime factors of l.
3
Suppose -i = -v - 4, -4*v - 3*i - 18 = -2. What are the prime factors of (2 + (v - -3))*13?
13
List the prime factors of 1065/9 + -2 + 1/(-3).
2, 29
What are the prime factors of 1800/130 + 2/13?
2, 7
Let s(j) = 4*j**2 + j. Let f(t) = -t**3 - 4*t**2 - t -